 base 12, what is 2 - -2367?
2369
In base 3, what is -10 - 221012220?
-221020000
In base 13, what is -4003 + -9?
-400c
In base 13, what is -1c86 + -12?
-1c98
In base 12, what is 35b7 - -287?
3882
In base 15, what is 10a + -1112?
-1007
In base 10, what is 1 + 1523730?
1523731
In base 16, what is -6d0f - -be?
-6c51
In base 2, what is -10 + 111111110?
111111100
In base 3, what is 1001202 - 102210?
121222
In base 8, what is -7456 - 43?
-7521
In base 6, what is 11510 - -305?
12215
In base 8, what is -333014 + -2?
-333016
In base 3, what is -1 + 10200221220?
10200221212
In base 5, what is -41 - -314331?
314240
In base 4, what is 101120 + -220?
100300
In base 7, what is 260 - -15162?
15452
In base 6, what is 34315 - -1224?
35543
In base 2, what is 110011101010110110 - -11?
110011101010111001
In base 6, what is -331 - -415?
44
In base 7, what is 5 + 20442?
20450
In base 11, what is -3318a - 11?
-331a0
In base 2, what is 1111110101 - -10110100110?
100110011011
In base 16, what is 232 + dd0?
1002
In base 13, what is -5c3 + -7?
-5ca
In base 6, what is -1 - 1554?
-1555
In base 15, what is -8b4 - 1?
-8b5
In base 10, what is -112 - -200?
88
In base 14, what is -31576 - a?
-31582
In base 10, what is 689 + 316?
1005
In base 12, what is 756 - -52?
7a8
In base 6, what is 44015 + 3?
44022
In base 13, what is 0 + -65838?
-65838
In base 15, what is 3 - 3bbc?
-3bb9
In base 9, what is 103 + -442?
-338
In base 10, what is -3 + -3632?
-3635
In base 12, what is -4 + 95ba?
95b6
In base 13, what is -1 + -a899?
-a89a
In base 2, what is -11 - -100111101101001?
100111101100110
In base 2, what is 101 - 1100101101?
-1100101000
In base 13, what is 7305 + -1?
7304
In base 7, what is -5 + 336263?
336255
In base 5, what is -3 + 13043?
13040
In base 12, what is 29 - 23a6?
-2379
In base 9, what is -4 - 842350?
-842354
In base 13, what is 660 - -155?
7b5
In base 5, what is 20 - -102231?
102301
In base 9, what is 30551 - -5?
30556
In base 5, what is -331 - -121?
-210
In base 14, what is 1 - cd65?
-cd64
In base 15, what is 6053b + -6?
60535
In base 16, what is 24e88 + -4?
24e84
In base 2, what is 100 - 10111011000000000010?
-10111010111111111110
In base 4, what is 0 + -3223323033?
-3223323033
In base 12, what is 4 + 16132?
16136
In base 4, what is -1 - -2313302312?
2313302311
In base 5, what is -2004 - -31?
-1423
In base 16, what is -c6e - 46c?
-10da
In base 15, what is -1c87 + -e?
-1c96
In base 13, what is 1122a + ab?
11308
In base 15, what is b15 + 34?
b49
In base 15, what is -274 + -335?
-5a9
In base 7, what is 6446520 - -4?
6446524
In base 15, what is -4 - -edd?
ed9
In base 14, what is 189 + 2b5a?
2d05
In base 14, what is 3 + 10dc?
1101
In base 10, what is -12 + -22908?
-22920
In base 9, what is 26 - -31362?
31388
In base 3, what is 211110021 - 2?
211110012
In base 8, what is 616 + -2?
614
In base 7, what is 0 - -15442?
15442
In base 10, what is -346315 + -3?
-346318
In base 15, what is 1c003 - -3?
1c006
In base 3, what is 10020022002 - 11?
10020021221
In base 5, what is 233324 - 142?
233132
In base 12, what is -2 + -3a3a?
-3a40
In base 2, what is 10000001001001010 + 11?
10000001001001101
In base 4, what is 3121230 + -11?
3121213
In base 6, what is 203145 - 20?
203125
In base 8, what is 1 + 77120?
77121
In base 5, what is 240221341 - -4?
240221400
In base 4, what is -133012 + 313?
-132033
In base 7, what is -51032421 - 1?
-51032422
In base 11, what is 28 - 33321?
-332a4
In base 13, what is 156 + -3a2?
-249
In base 16, what is -17 - -3d3?
3bc
In base 15, what is -3e - -2124?
20d5
In base 6, what is -1 - -102044?
102043
In base 6, what is -2 - -5001?
4555
In base 14, what is -6a632 - -3?
-6a62d
In base 8, what is -11324464 + 2?
-11324462
In base 6, what is 43251441 + -2?
43251435
In base 15, what is -159 + 3a5?
24b
In base 4, what is 130311 - -100?
131011
In base 16, what is -23d + 6?
-237
In base 3, what is -1 + 201101100020?
201101100012
In base 3, what is -1222200 + 100002?
-1122121
In base 15, what is -4 + d9128?
d9124
In base 14, what is 13 - 580?
-56b
In base 13, what is -5 + 19240?
19238
In base 11, what is 236 - -53?
289
In base 12, what is 1 + -73247?
-73246
In base 14, what is 4 + 1053?
1057
In base 8, what is -3 + 2351722?
2351717
In base 7, what is 64001201 - 4?
64001164
In base 5, what is 12 + 24331?
24343
In base 9, what is -24 + 67553?
67528
In base 15, what is -4523 - 6?
-4529
In base 3, what is 100012 - 1111?
21201
In base 14, what is -138 - -362?
228
In base 11, what is 0 - -41041?
41041
In base 4, what is 2031233 + 2?
2031301
In base 14, what is 1013 + 172?
1185
In base 7, what is -14 + -523?
-540
In base 8, what is 0 + 107230?
107230
In base 15, what is -4 + 1b0de?
1b0da
In base 14, what is 6a83 - 1?
6a82
In base 15, what is -3e9 - -e?
-3da
In base 15, what is 1 - 1ca?
-1c9
In base 11, what is -40912 + a?
-40903
In base 3, what is 111021 + -111100?
-2
In base 12, what is a827b2 - -2?
a827b4
In base 6, what is 3011000 - -5?
3011005
In base 14, what is -4 + 1051c?
10518
In base 11, what is 1007 + -485?
632
In base 8, what is 705102 - 4?
705076
In base 12, what is 4a + -43?
7
In base 14, what is -13a4 - -6?
-139c
In base 13, what is c6ab - -33?
c711
In base 4, what is 10233302 - -10?
10233312
In base 3, what is 1 - -10201?
10202
In base 6, what is 1 - -322552?
322553
In base 7, what is -562 + 1101?
206
In base 5, what is 1130022 + 1?
1130023
In base 16, what is -698 - 145?
-7dd
In base 14, what is -3710c - 2?
-37110
In base 10, what is 180452 - -16?
180468
In base 9, what is -1405 + 16?
-1378
In base 4, what is 112032213 + -121?
112032032
In base 2, what is -10111100000 - 11101001011?
-110100101011
In base 2, what is -10011000011000010001 - 11?
-10011000011000010100
In base 13, what is 8 + -249b93?
-249b88
In base 15, what is 2 - -1b083?
1b085
In base 12, what is 36 + 138?
172
In base 2, what is 100000101110001 - -11?
100000101110100
In base 11, what is -17 - -1115?
10a9
In base 15, what is 1 + 286d?
286e
In base 14, what is 16037 + -4?
16033
In base 7, what is -212350 - 0?
-212350
In base 9, what is 458 - 36?
422
In base 15, what is 700ae - 5?
700a9
In base 15, what is -1 - 1cd6?
-1cd7
In base 13, what is 698c + -25?
6967
In base 6, what is -104 - 53254?
-53402
In base 4, what is 10013303 + 1002?
10020311
In base 16, what is -d + -119ad?
-119ba
In base 10, what is -118911 + 5?
-118906
In base 10, what is -2 + -100027?
-100029
In base 5, what is -303121 - 3?
-303124
In base 8, what is 727 + 40?
767
In base 15, what is 4 + 3252e?
32533
In base 7, what is -3 + 33205?
33202
In base 3, what is 0 - -200210022?
200210022
In base 13, what is -5 + -206c4?
-206c9
In base 9, what is 353 - 10?
343
In base 5, what is 1031121 + 0?
1031121
In base 2, what is -10111111101100100 + -101?
-10111111101101001
In base 8, what is 3247 - 6?
3241
In base 2, what is -101101010010110 - 101?
-101101010011011
In base 7, what is 3 - 1021305?
-1021302
In base 2, what is -1110111110 - -1010?
-1110110100
In base 10, what is 68 - 3110?
-3042
In base 10, what is 34 + -11222?
-11188
In base 12, what is 23 - -1506?
1529
In base 8, what is -175 - 424?
-621
In base 7, what is -625550 - -2?
-625545
In base 5, what is 2201 + 10433?
13134
In base 15, what is -4c5a0 + -3?
-4c5a3
In base 4, what is 12023211210 - -11?
12023211221
In base 2, what is 100 + 1011101110110100?
1011101110111000
In base 13, what is -4 + -788?
-78c
In base 5, what is 411 + -1003443?
-1003032
In base 7, what is 4544 + -1533?
3011
In base 11, what is -164 - -95?
-7a
In base 3, what is 11122 - -210012110?
210101002
In base 13, what is 5 + -22a11b?
-22a116
In base 11, what is -21839 + 10?
-21829
In base 13, what is 7 + -96a1?
-9697
In base 9, what is -270772 + 1?
-270771
In base 16, what is 2 - 1b9f?
-1b9d
In base 14, what is -235 + 175?
-a0
In base 5, what is 2341 + 24134?
32030
In base 7, what is 6 + 165152?
165161
In base 2, what is -100110100111 + -1?
-100110101000
In base 14, what is -2a - -7c6?
79a
In base 4, what is -211212 - 22?
-211300
In base 7, what is 50265 + 4?
50302
In base 9, what is -4 + 804882?
804877
In base 11, what is -66 + -4a338?
-4a3a3
In base 10, what is -521 - -9?
-512
In base 11, what is 690 + a1?
781
In base 12, what is 6 - 2160?
-2156
In base 7, what is 145 + -231?
-53
In base 7, what is -25063 - 242?
-25